-5*u, 4*k + 0*u - 50 = -2*u. What is the greatest common factor of k and d?
10
Let y = 4 - 5. Let z = -2 + y. Let f(a) = -5*a**3 + a**2 - 2*a + 3. Let i be f(z). What is the greatest common divisor of i and 17?
17
Let o = 117 + -57. What is the highest common factor of o and 36?
12
Suppose 0 = 5*r - 3*r - 6. Suppose -r*c - 180 = -7*c. Let s(a) = 8*a - 2. Let j be s(4). What is the highest common divisor of c and j?
15
Suppose 41*a - 37*a - 32 = 0. Let v be (1 - -6) + 2/2. Calculate the greatest common divisor of a and v.
8
Suppose -2*h - 556 = -2*x, -x - 549 = -3*x - 5*h. Suppose 2*d - 74 = d + 5*p, 0 = 4*d - p - x. Calculate the greatest common divisor of 46 and d.
23
Suppose -6*o = -o - 65. What is the greatest common divisor of o and 26?
13
Let g = 0 + 2. Suppose 0 = 4*o - 5*v - 3, 3 = g*v - 7. What is the highest common factor of 35 and o?
7
Suppose 2*j + 13 = 4*j + o, 0 = -j + 5*o + 34. Calculate the highest common factor of 27 and j.
9
Suppose -p - u = -31 + 11, -20 = -p - 4*u. Calculate the highest common factor of p and 200.
20
Suppose 4*p = 6*i - 2*i + 20, 0 = -p + 4*i + 17. Let a be (p*-4)/(-1 - 0). Calculate the greatest common divisor of a and 4.
4
Suppose -258 = -6*y + 4*y. Let m = -87 + y. What is the greatest common factor of m and 28?
14
Let l = 38 - -97. Let g = 12 + -7. Suppose 0 = -4*v - g + 65. What is the highest common divisor of l and v?
15
Let p(r) = 11*r**2 + 4*r + 1. Let q be p(3). Suppose 3*f = 2*b - 25, 3*b + 24 - 65 = f. Calculate the highest common divisor of b and q.
14
Suppose 8 + 6 = 3*k + 4*x, -x = 4*k - 10. Suppose g - 45 = -k*g. Calculate the highest common factor of 5 and g.
5
Suppose -5*c - 5*l + 15 = 0, -5*l = 2*c + 2*c - 12. Let y(g) = 22*g**2 - 4*g + 1. Let x be y(c). What is the highest common factor of 17 and x?
17
Let j = -17 + 7. Let d be j/(-4)*(1 + 1). Calculate the greatest common factor of d and 5.
5
Let x(z) be the second derivative of 5*z**4/12 + z**3/6 - z. Let k be x(-1). Suppose -224 = -3*i - 218. What is the greatest common factor of k and i?
2
Let l = 1 + 38. Calculate the highest common divisor of l and 13.
13
Suppose 0 = k - q - 14, 2*q + 3 = -2*k + 15. Suppose 3*o = o - 2*f + 20, 53 = 5*o + 4*f. Suppose -5*x = o - 63. What is the greatest common divisor of k and x?
10
Let u be (-4 + 1 - -5) + 4. Suppose 0 = 3*d + 3*c + u, -2 = 4*d - 5*c - 39. Let x = d + 67. Calculate the greatest common divisor of x and 10.
10
Suppose 4*z = -m - 3, 5*m - 3*z - 5 = 3*m. What is the highest common factor of m and 5?
1
Let z(b) = 16*b - 45. Let m be z(15). What is the greatest common factor of 39 and m?
39
Let g(v) = 12*v + 8. Let b be g(6). Suppose 0 = -i - 3*k + 7, 3*k - 7 = -1. Let z = 11 - i. Calculate the highest common divisor of z and b.
10
Let l = -2 + 6. Suppose -3*s - l*r = 6, 3*s - 1 - 17 = 4*r. What is the highest common divisor of 4 and s?
2
Suppose 0*y - 3*y = -33. What is the greatest common factor of 77 and y?
11
Let j = 175 - 104. Suppose -3*x - j + 197 = 0. Calculate the greatest common divisor of x and 28.
14
Let c = 280 - 82. Let g(i) = i**3 - 3*i**2 - 6*i - 2. Let x be g(5). What is the greatest common factor of x and c?
18
Let i(k) = 66*k**3. Let l be i(1). Calculate the highest common divisor of l and 6.
6
Let z = -11 + 22. Calculate the greatest common factor of z and 66.
11
Suppose 5*f - 2345 = -5*w, 2*f + 7 - 942 = -5*w. What is the highest common factor of 47 and f?
47
Let q = 8 + -1. Suppose -3*x + 67 - q = 0. Calculate the greatest common factor of 10 and x.
10
Suppose -3*w + 2*w + 30 = 0. Let i(r) = 2*r**3 - 4*r**2 + 4*r - 3. Let p be i(2). Suppose -5 = -k + p. Calculate the greatest common divisor of w and k.
10
Let f(y) = -y**3 + 5*y**2 + 9*y - 5. Let l be f(6). Let i be (3 - 16)*(-1 + 0). Calculate the greatest common divisor of i and l.
13
Let d = -7 - -8. Suppose -2*m = d - 183. What is the greatest common divisor of m and 13?
13
Let j(r) = -r**2 + 6*r + 2. Let t be j(6). Let y = -4 - -9. Let l(q) = 2*q - 5. Let h be l(y). What is the greatest common divisor of t and h?
1
Suppose 3*r - 20 = r. Let p(h) = h**2 - 7*h + 17. Let s be p(8). Calculate the greatest common divisor of s and r.
5
Suppose 6*k + 6 = 60. What is the greatest common factor of 9 and k?
9
Suppose 2*h + 2 = o, 2 = -3*o - 0*h + 4*h. Suppose 3*b + 0*b + 24 = 0. Let q be (4 - 1)*b/o. Calculate the highest common factor of q and 4.
4
Suppose -5 = -2*y - 27. Let i = y - 29. Let a be (-1)/(-5) - 792/i. Calculate the greatest common divisor of a and 30.
10
Let r be 3 - 2/(-2)*4. Let y = -7 + r. Suppose 3*p - 3 - 12 = y. What is the greatest common divisor of 10 and p?
5
Let v(q) = 5*q + 5. Let r be v(5). Suppose 0*n + 62 = -n. Let a be 3/(n/(-30) + -2). What is the greatest common divisor of r and a?
15
Suppose -m + 4 + 1 = 0. Suppose -2*v - 54 = -2*k - 0*v, 5*k + 4*v - 99 = 0. Suppose c - 32 = k. What is the greatest common factor of m and c?
5
Let r be 2 + (-93)/(-3)*1. Suppose -3*i = -6*i + 5*j + 163, i = -5*j + 41. Let m = i - r. What is the greatest common factor of 2 and m?
2
Let p = 4 - -1. Suppose -3*a = p*z - 0 + 24, -4*z = 0. Let l = 60 + a. Calculate the greatest common divisor of 13 and l.
13
Let n = -68 - -88. Let f = -6 - -11. Suppose 0 = -c - f*w + 5, -w + 3*w = 0. Calculate the greatest common divisor of n and c.
5
Suppose -2*q - 2 = -3*q. Suppose -q*b = b - 4*v - 40, -5*v = 5. What is the highest common factor of 36 and b?
12
Let w(c) = c**3 + 6*c**2 - 4*c + 2. Let r be w(-7). Let m = r + 22. Calculate the greatest common divisor of 21 and m.
3
Suppose 0 = -8*p + 10*p - 60. What is the greatest common factor of p and 150?
30
Suppose 184 = -m + 5*m - 2*c, m = 4*c + 60. Suppose -22 = k - 5*h, 4*k - 5*h + 8 = -h. Suppose 0 = -u + 8 + k. Calculate the highest common factor of u and m.
11
Let g = 195 + -145. What is the highest common factor of g and 10?
10
Suppose 3*b - 222 = 2*w, -2*w = -4*b + 181 + 117. Suppose -2*f + 3*f - 19 = 0. What is the highest common factor of b and f?
19
Suppose 0 = 5*i - 5, 0*i = -5*g + 3*i + 132. What is the highest common factor of g and 27?
27
Let q(b) = -3*b**2 - 3*b. Let d be q(-3). Let g = d - -29. Let o(p) = -p**3 + 10*p**2 - 7*p - 7. Let n be o(9). What is the greatest common divisor of g and n?
11
Let j = -20 + 182. Let p = 2 - 2. Suppose -z + p = -18. Calculate the highest common divisor of z and j.
18
Let z(w) = -3*w + 28. Let v be z(0). What is the greatest common factor of v and 84?
28
Let t = -4 + 7. Let b be (6/2)/(t - 2). What is the highest common factor of b and 30?
3
Suppose 0*l - l = -9. Suppose -k - l = -0*k. Let p be 6*3/k*-20. What is the greatest common factor of 20 and p?
20
Let b be 1 - ((-6)/(-3))/(-1). Suppose b*c - 145 + 19 = 0. What is the greatest common divisor of c and 21?
21
Suppose 0 = -4*l - 4, -4*l + 294 = 4*q + 42. Calculate the greatest common divisor of 8 and q.
8
Let l = 6 - 2. Suppose 30 = a - l*a. Let k be 247/7 - a/(-35). Calculate the greatest common factor of 5 and k.
5
Suppose -w = -6*w - 3*f + 244, 5*f - 250 = -5*w. Calculate the greatest common factor of 47 and w.
47
Let o = 7 - -5. Suppose 5*r + 442 = 4*s, 4*r + r = -s + 98. Calculate the highest common factor of s and o.
12
Suppose z + 4*z + 3*a - 31 = 0, -z = 2*a - 9. Let v be 1254/21 + 2/7. Let l be (8/6)/(2/v). Calculate the highest common factor of z and l.
5
Let f(d) = -d**3 + 4*d**2 - 2*d + 1. Let o be f(4). Let w be (o - -1)/(-3) + -7. Let n be (-12)/w*20/6. Calculate the highest common divisor of n and 1.
1
Let h = 55 + -31. Let n be (-1)/(-2) - (-142)/4. What is the highest common divisor of h and n?
12
Let b be 1408/55 - (-4)/10. What is the greatest common divisor of 65 and b?
13
Let b(a) = a**2 - 3*a - 5. Let v(d) = d - 12. Let n be v(9). Let y be (-1 - 1)*n/1. Let l be b(y). Calculate the greatest common factor of 117 and l.
13
Let f = -5 - -19. Calculate the greatest common divisor of 154 and f.
14
Suppose -7*a = -2*a - 105. Let i(h) = h**3 - 2*h**2 - 4*h - 2. Let t = 6 - 2. Let x be i(t). What is the highest common factor of a and x?
7
Let n = -32 - -87. Let f = 36 - 14. What is the greatest common divisor of f and n?
11
Let d = 141 - 75. What is the highest common factor of d and 12?
6
Suppose 5*x = -l + 25, 4*x - 20 = -0*l - 3*l. Let r(b) = b**3 -